{"id":98,"date":"2022-03-07T18:03:04","date_gmt":"2022-03-07T18:03:04","guid":{"rendered":"https:\/\/spomodo.de\/?page_id=98"},"modified":"2024-06-18T07:52:01","modified_gmt":"2024-06-18T07:52:01","slug":"hoerbeispiele","status":"publish","type":"page","link":"https:\/\/spomodo.de\/?page_id=98","title":{"rendered":"Reinh\u00f6ren"},"content":{"rendered":"<div class=\"wp-block-image\">\n<figure class=\"aligncenter size-large is-resized\"><img loading=\"lazy\" decoding=\"async\" width=\"768\" height=\"1024\" src=\"https:\/\/spomodo.de\/wp-content\/uploads\/2024\/06\/6cf53714-bef9-468c-8ffc-908f77574214-768x1024.jpg\" alt=\"\" class=\"wp-image-365\" style=\"width:447px;height:auto\" srcset=\"https:\/\/spomodo.de\/wp-content\/uploads\/2024\/06\/6cf53714-bef9-468c-8ffc-908f77574214-768x1024.jpg 768w, https:\/\/spomodo.de\/wp-content\/uploads\/2024\/06\/6cf53714-bef9-468c-8ffc-908f77574214-225x300.jpg 225w, https:\/\/spomodo.de\/wp-content\/uploads\/2024\/06\/6cf53714-bef9-468c-8ffc-908f77574214-1152x1536.jpg 1152w, https:\/\/spomodo.de\/wp-content\/uploads\/2024\/06\/6cf53714-bef9-468c-8ffc-908f77574214.jpg 1352w\" sizes=\"auto, (max-width: 768px) 100vw, 768px\" \/><\/figure>\n<\/div>\n\n\n<div class=\"wp-block-kadence-rowlayout alignnone\">\n<div id=\"kt-layout-id_e1f0d3-9b\" class=\"kt-row-layout-inner kt-layout-id_e1f0d3-9b\">\n<div class=\"kt-row-column-wrap kt-has-2-columns kt-gutter-wider kt-v-gutter-default kt-row-valign-middle kt-row-layout-right-golden kt-tab-layout-inherit kt-m-colapse-left-to-right kt-mobile-layout-row kb-theme-content-width\">\n<div class=\"wp-block-kadence-column inner-column-1 kadence-column_1e20c3-37\">\n<h3><span style=\"color: #808080;\"><strong style=\"font-size: revert;\">Dokumentation<\/strong><\/span><\/h3>\n<\/div>\n<div class=\"wp-block-kadence-column inner-column-2 kadence-column_0b9fc7-22\">\n<div class=\"kt-inside-inner-col\">\n<div id=\"kt-info-box_0312fd-78\" class=\"wp-block-kadence-infobox\">\n<div class=\"kt-infobox-textcontent\">\n<p class=\"kt-blocks-info-box-text\">Fernsehdoku &#8220;Hallensprecher&#8221; und Sachbeitrag zum Thema Nordlichter<\/p>\n<audio class=\"wp-audio-shortcode\" id=\"audio-98-1\" preload=\"none\" style=\"width: 100%;\" controls=\"controls\"><source type=\"audio\/mpeg\" src=\"https:\/\/spomodo.de\/wp-content\/uploads\/2022\/03\/Beitrag-Aurora-2022.mp3?_=1\" \/><a href=\"https:\/\/spomodo.de\/wp-content\/uploads\/2022\/03\/Beitrag-Aurora-2022.mp3\">https:\/\/spomodo.de\/wp-content\/uploads\/2022\/03\/Beitrag-Aurora-2022.mp3<\/a><\/audio>\n<\/div>\n<\/div>\n<p class=\"wp-block-audio\">Nordlichter<\/p>\n<audio class=\"wp-audio-shortcode\" id=\"audio-98-2\" preload=\"none\" style=\"width: 100%;\" controls=\"controls\"><source type=\"audio\/mpeg\" src=\"https:\/\/spomodo.de\/wp-content\/uploads\/2022\/03\/Fernsehdoku-Hallensprecher.mp3?_=2\" \/><a href=\"https:\/\/spomodo.de\/wp-content\/uploads\/2022\/03\/Fernsehdoku-Hallensprecher.mp3\">https:\/\/spomodo.de\/wp-content\/uploads\/2022\/03\/Fernsehdoku-Hallensprecher.mp3<\/a><\/audio>\n<p class=\"wp-block-audio\">Hallensprecher<\/p>\n<div class=\"wp-block-kadence-spacer aligncenter kt-block-spacer-_9e3674-d5\">\n<div class=\"kt-block-spacer kt-block-spacer-halign-center\"><hr class=\"kt-divider\"><\/div>\n<\/div>\n<div id=\"kt-info-box_4a0fae-4e\" class=\"wp-block-kadence-infobox\">\n<div class=\"kt-blocks-info-box-media-container\">\n<div class=\"kt-blocks-info-box-media kt-info-media-animate-none\">\n<div class=\"kadence-info-box-icon-container kt-info-icon-animate-none\">\n<div class=\"kadence-info-box-icon-inner-container\">&nbsp;<\/div>\n<\/div>\n<\/div>\n<\/div>\n<div class=\"kt-infobox-textcontent\">\n<p>&nbsp;<\/p>\n<h3 class=\"kt-blocks-info-box-title\"><span style=\"color: #808080;\"><strong>Voice Over<\/strong><\/span><\/h3>\n<p class=\"kt-blocks-info-box-title\">Bericht \u00fcber die Finnische Ministerpr\u00e4sidentin<\/p>\n<\/div>\n<\/div>\n<audio class=\"wp-audio-shortcode\" id=\"audio-98-3\" preload=\"none\" style=\"width: 100%;\" controls=\"controls\"><source type=\"audio\/mpeg\" src=\"https:\/\/spomodo.de\/wp-content\/uploads\/2022\/03\/Voice-Over-Finnisch-2022.mp3?_=3\" \/><a href=\"https:\/\/spomodo.de\/wp-content\/uploads\/2022\/03\/Voice-Over-Finnisch-2022.mp3\">https:\/\/spomodo.de\/wp-content\/uploads\/2022\/03\/Voice-Over-Finnisch-2022.mp3<\/a><\/audio>\n<div class=\"wp-block-kadence-spacer aligncenter kt-block-spacer-_cc43cf-de\">\n<div class=\"kt-block-spacer kt-block-spacer-halign-center\"><hr class=\"kt-divider\"><\/div>\n<\/div>\n<div id=\"kt-info-box_059507-e0\" class=\"wp-block-kadence-infobox\">\n<div class=\"kt-blocks-info-box-media-container\">\n<div class=\"kt-blocks-info-box-media kt-info-media-animate-none\">\n<div class=\"kadence-info-box-icon-container kt-info-icon-animate-none\">\n<div class=\"kadence-info-box-icon-inner-container\">&nbsp;<\/div>\n<\/div>\n<\/div>\n<\/div>\n<div class=\"kt-infobox-textcontent\">\n<h3 class=\"kt-blocks-info-box-title\"><span style=\"color: #808080;\"><strong>Image-Beitrag<\/strong><\/span><\/h3>\n<p class=\"kt-blocks-info-box-title\">Lust auf Schweden? G\u00f6teborg ist lebenswert<\/p>\n<\/div>\n<\/div>\n<figure class=\"wp-block-audio\"><br>\n<figcaption>\n<audio class=\"wp-audio-shortcode\" id=\"audio-98-4\" preload=\"none\" style=\"width: 100%;\" controls=\"controls\"><source type=\"audio\/mpeg\" src=\"https:\/\/spomodo.de\/wp-content\/uploads\/2022\/03\/Goeteborg-2022-deutsch.mp3?_=4\" \/><a href=\"https:\/\/spomodo.de\/wp-content\/uploads\/2022\/03\/Goeteborg-2022-deutsch.mp3\">https:\/\/spomodo.de\/wp-content\/uploads\/2022\/03\/Goeteborg-2022-deutsch.mp3<\/a><\/audio>\n<br>Deutsch<\/figcaption>\n<\/figure>\n<figure class=\"wp-block-audio\"><br>\n<figcaption>\n<audio class=\"wp-audio-shortcode\" id=\"audio-98-5\" preload=\"none\" style=\"width: 100%;\" controls=\"controls\"><source type=\"audio\/mpeg\" src=\"https:\/\/spomodo.de\/wp-content\/uploads\/2022\/03\/Goeteborg-2022-englisch.mp3?_=5\" \/><a href=\"https:\/\/spomodo.de\/wp-content\/uploads\/2022\/03\/Goeteborg-2022-englisch.mp3\">https:\/\/spomodo.de\/wp-content\/uploads\/2022\/03\/Goeteborg-2022-englisch.mp3<\/a><\/audio>\n<p>&nbsp;<\/p>\nEnglisch<\/figcaption>\n<\/figure>\n<\/div>\n<\/div>\n<\/div>\n<\/div>\n<\/div>\n\n\n\n<hr class=\"wp-block-separator has-alpha-channel-opacity\"\/>\n\n\n<div class=\"wp-block-image\">\n<figure class=\"aligncenter size-large is-resized\"><img loading=\"lazy\" decoding=\"async\" width=\"1024\" height=\"768\" src=\"https:\/\/spomodo.de\/wp-content\/uploads\/2022\/03\/marcmikro1-1024x768.jpg\" alt=\"\" class=\"wp-image-38\" style=\"width:412px;height:auto\" srcset=\"https:\/\/spomodo.de\/wp-content\/uploads\/2022\/03\/marcmikro1-1024x768.jpg 1024w, https:\/\/spomodo.de\/wp-content\/uploads\/2022\/03\/marcmikro1-300x225.jpg 300w, https:\/\/spomodo.de\/wp-content\/uploads\/2022\/03\/marcmikro1-768x576.jpg 768w, https:\/\/spomodo.de\/wp-content\/uploads\/2022\/03\/marcmikro1-1536x1152.jpg 1536w, https:\/\/spomodo.de\/wp-content\/uploads\/2022\/03\/marcmikro1-2048x1536.jpg 2048w, https:\/\/spomodo.de\/wp-content\/uploads\/2022\/03\/marcmikro1-380x285.jpg 380w, https:\/\/spomodo.de\/wp-content\/uploads\/2022\/03\/marcmikro1-285x214.jpg 285w\" sizes=\"auto, (max-width: 1024px) 100vw, 1024px\" \/><\/figure>\n<\/div>\n\n\n<div class=\"wp-block-kadence-rowlayout alignnone\">\n<div id=\"kt-layout-id_b427f5-12\" class=\"kt-row-layout-inner kt-layout-id_b427f5-12\">\n<div class=\"kt-row-column-wrap kt-has-2-columns kt-gutter-wider kt-v-gutter-default kt-row-valign-middle kt-row-layout-right-golden kt-tab-layout-inherit kt-m-colapse-left-to-right kt-mobile-layout-row kb-theme-content-width\">\n<figure><\/figure>\n<div class=\"wp-block-kadence-column inner-column-1 kadence-column_80c834-c3\">\n<h3 class=\"kt-inside-inner-col\"><span style=\"color: #808080;\"><strong style=\"font-size: revert;\">H\u00f6rbuch<\/strong><\/span><\/h3>\n<div class=\"kt-inside-inner-col\"><span style=\"color: initial; font-size: revert;\"> &#8220;Der Schwimmer&#8221;<\/span><\/div>\n<\/div>\n<div class=\"wp-block-kadence-column inner-column-2 kadence-column_d2dedc-c6\">\n<div class=\"kt-inside-inner-col\">\n<div id=\"kt-info-box_543caf-4a\" class=\"wp-block-kadence-infobox\">\n<div class=\"kt-infobox-textcontent\">\n<audio class=\"wp-audio-shortcode\" id=\"audio-98-6\" preload=\"none\" style=\"width: 100%;\" controls=\"controls\"><source type=\"audio\/mpeg\" src=\"https:\/\/spomodo.de\/wp-content\/uploads\/2022\/03\/Hoerbuch-Der-Schwimmer-2022.mp3?_=6\" \/><a href=\"https:\/\/spomodo.de\/wp-content\/uploads\/2022\/03\/Hoerbuch-Der-Schwimmer-2022.mp3\">https:\/\/spomodo.de\/wp-content\/uploads\/2022\/03\/Hoerbuch-Der-Schwimmer-2022.mp3<\/a><\/audio>\n<\/div>\n<\/div>\n<figure class=\"wp-block-audio\"><\/figure>\n<div id=\"kt-info-box_aa16d4-fb\" class=\"wp-block-kadence-infobox\">\n<div class=\"kt-blocks-info-box-media-container\">\n<div class=\"kt-blocks-info-box-media kt-info-media-animate-none\">\n<div class=\"kadence-info-box-icon-container kt-info-icon-animate-none\"><hr class=\"kt-divider\"><\/div>\n<\/div>\n<\/div>\n<div class=\"kt-infobox-textcontent\">\n<p>&nbsp;<\/p>\n<h3 class=\"kt-blocks-info-box-title\"><span style=\"color: #808080;\"><strong>Lokales<\/strong><\/span><\/h3>\n<p class=\"kt-blocks-info-box-title\">Beispiel-Beitr\u00e4ge aus der &#8220;H\u00f6mma&#8221; Serie<\/p>\n<\/div>\n<\/div>\n<figure class=\"wp-block-audio\"><br>\n<figcaption>\n<audio class=\"wp-audio-shortcode\" id=\"audio-98-7\" preload=\"none\" style=\"width: 100%;\" controls=\"controls\"><source type=\"audio\/mpeg\" src=\"https:\/\/spomodo.de\/wp-content\/uploads\/2022\/03\/Hoemma-Mettwurst-2022.mp3?_=7\" \/><a href=\"https:\/\/spomodo.de\/wp-content\/uploads\/2022\/03\/Hoemma-Mettwurst-2022.mp3\">https:\/\/spomodo.de\/wp-content\/uploads\/2022\/03\/Hoemma-Mettwurst-2022.mp3<\/a><\/audio>\n<p><em style=\"color: initial;\">Mettwurst<\/em><\/p>\n<\/figcaption>\n<\/figure>\n<figure class=\"wp-block-audio\"><br>\n<figcaption>\n<audio class=\"wp-audio-shortcode\" id=\"audio-98-8\" preload=\"none\" style=\"width: 100%;\" controls=\"controls\"><source type=\"audio\/mpeg\" src=\"https:\/\/spomodo.de\/wp-content\/uploads\/2022\/03\/Hoemma-Pommesbude-2022.mp3?_=8\" \/><a href=\"https:\/\/spomodo.de\/wp-content\/uploads\/2022\/03\/Hoemma-Pommesbude-2022.mp3\">https:\/\/spomodo.de\/wp-content\/uploads\/2022\/03\/Hoemma-Pommesbude-2022.mp3<\/a><\/audio>\n<em>Pommesbude<\/em><\/figcaption>\n<\/figure>\n<figure class=\"wp-block-audio\"><br>\n<figcaption>\n<audio class=\"wp-audio-shortcode\" id=\"audio-98-9\" preload=\"none\" style=\"width: 100%;\" controls=\"controls\"><source type=\"audio\/mpeg\" src=\"https:\/\/spomodo.de\/wp-content\/uploads\/2022\/03\/Hoemma-Baumarkt-2022.mp3?_=9\" \/><a href=\"https:\/\/spomodo.de\/wp-content\/uploads\/2022\/03\/Hoemma-Baumarkt-2022.mp3\">https:\/\/spomodo.de\/wp-content\/uploads\/2022\/03\/Hoemma-Baumarkt-2022.mp3<\/a><\/audio>\n<em>Baumarkt<\/em><\/figcaption>\n<\/figure>\n<div class=\"wp-block-kadence-spacer aligncenter kt-block-spacer-_4e4fe8-5e\">\n<div class=\"kt-block-spacer kt-block-spacer-halign-center\"><hr class=\"kt-divider\"><\/div>\n<\/div>\n<div id=\"kt-info-box_c065e3-18\" class=\"wp-block-kadence-infobox\">\n<div class=\"kt-blocks-info-box-media-container\">\n<div class=\"kt-blocks-info-box-media kt-info-media-animate-none\">\n<div class=\"kadence-info-box-icon-container kt-info-icon-animate-none\">\n<div class=\"kadence-info-box-icon-inner-container\">&nbsp;<\/div>\n<\/div>\n<\/div>\n<\/div>\n<div class=\"kt-infobox-textcontent\">\n<h3 class=\"kt-blocks-info-box-title\"><span style=\"color: #808080;\"><strong>Telefonansage <\/strong><\/span><\/h3>\n<p class=\"kt-blocks-info-box-title\">Leider niemand zu Hause<\/p>\n<\/div>\n<\/div>\n<figure class=\"wp-block-audio\">\n<audio class=\"wp-audio-shortcode\" id=\"audio-98-10\" preload=\"none\" style=\"width: 100%;\" controls=\"controls\"><source type=\"audio\/mpeg\" src=\"https:\/\/spomodo.de\/wp-content\/uploads\/2022\/03\/Telefonansage-Deutsch-2022.mp3?_=10\" \/><a href=\"https:\/\/spomodo.de\/wp-content\/uploads\/2022\/03\/Telefonansage-Deutsch-2022.mp3\">https:\/\/spomodo.de\/wp-content\/uploads\/2022\/03\/Telefonansage-Deutsch-2022.mp3<\/a><\/audio>\n<\/figure>\n<p>&nbsp;<\/p>\n<\/div>\n<\/div>\n<\/div>\n<\/div>\n<\/div>\n\n\n\n<hr class=\"wp-block-separator has-alpha-channel-opacity\"\/>\n\n\n\n<div class=\"wp-block-kadence-rowlayout alignnone\">\n<div id=\"kt-layout-id_cd778a-0e\" class=\"kt-row-layout-inner kt-layout-id_cd778a-0e\">\n<div class=\"kt-row-column-wrap kt-has-2-columns kt-gutter-wider kt-v-gutter-default kt-row-valign-middle kt-row-layout-right-golden kt-tab-layout-inherit kt-m-colapse-left-to-right kt-mobile-layout-row kb-theme-content-width\">\n<div class=\"wp-block-kadence-column inner-column-1 kadence-column_facd92-c8\">\n<figure><img loading=\"lazy\" decoding=\"async\" width=\"1024\" height=\"263\" class=\"wp-image-302\" src=\"https:\/\/spomodo.de\/wp-content\/uploads\/2022\/03\/Mannschaften-1-1024x263.jpg\" alt=\"\" srcset=\"https:\/\/spomodo.de\/wp-content\/uploads\/2022\/03\/Mannschaften-1-1024x263.jpg 1024w, https:\/\/spomodo.de\/wp-content\/uploads\/2022\/03\/Mannschaften-1-300x77.jpg 300w, https:\/\/spomodo.de\/wp-content\/uploads\/2022\/03\/Mannschaften-1-768x197.jpg 768w, https:\/\/spomodo.de\/wp-content\/uploads\/2022\/03\/Mannschaften-1.jpg 1412w\" sizes=\"auto, (max-width: 1024px) 100vw, 1024px\" \/><\/figure>\n<div class=\"kt-inside-inner-col\">\u00a0<\/div>\n<\/div>\n<div class=\"wp-block-kadence-column inner-column-2 kadence-column_ae87b8-56\">\n<div class=\"kt-inside-inner-col\">\n<div id=\"kt-info-box_f07fd8-f2\" class=\"wp-block-kadence-infobox\">\n<div class=\"kt-blocks-info-box-media-container\">\n<div class=\"kt-blocks-info-box-media kt-info-media-animate-none\">\n<div class=\"kadence-info-box-icon-container kt-info-icon-animate-none\">\n<div class=\"kadence-info-box-icon-inner-container\">\u00a0<\/div>\n<\/div>\n<\/div>\n<\/div>\n<div class=\"kt-infobox-textcontent\">\n<p class=\"kt-blocks-info-box-title\"><strong>Handball L\u00e4nderspiel <\/strong>WM Vorbereitung Deutschland &#8211; Schweden in Trier<\/p>\n<p>\u00a0<\/p>\n<\/div>\n<\/div>\n<figure class=\"wp-block-audio\"><br \/>\n<figcaption>\n<audio class=\"wp-audio-shortcode\" id=\"audio-98-11\" preload=\"none\" style=\"width: 100%;\" controls=\"controls\"><source type=\"audio\/mpeg\" src=\"https:\/\/spomodo.de\/wp-content\/uploads\/2022\/03\/DHB-Spielszenen.mp3?_=11\" \/><a href=\"https:\/\/spomodo.de\/wp-content\/uploads\/2022\/03\/DHB-Spielszenen.mp3\">https:\/\/spomodo.de\/wp-content\/uploads\/2022\/03\/DHB-Spielszenen.mp3<\/a><\/audio>\nSpielszenen &#8211; Aufholjagd<\/figcaption>\n<\/figure>\n<figure class=\"wp-block-audio\"><br \/>\n<figcaption>\n<audio class=\"wp-audio-shortcode\" id=\"audio-98-12\" preload=\"none\" style=\"width: 100%;\" controls=\"controls\"><source type=\"audio\/mpeg\" src=\"https:\/\/spomodo.de\/wp-content\/uploads\/2022\/03\/DHB-Halbzeit.mp3?_=12\" \/><a href=\"https:\/\/spomodo.de\/wp-content\/uploads\/2022\/03\/DHB-Halbzeit.mp3\">https:\/\/spomodo.de\/wp-content\/uploads\/2022\/03\/DHB-Halbzeit.mp3<\/a><\/audio>\nModeration in der Halbzeit<\/figcaption>\n<\/figure>\n<figure class=\"wp-block-audio\"><br \/>\n<figcaption>\n<audio class=\"wp-audio-shortcode\" id=\"audio-98-13\" preload=\"none\" style=\"width: 100%;\" controls=\"controls\"><source type=\"audio\/mpeg\" src=\"https:\/\/spomodo.de\/wp-content\/uploads\/2022\/03\/DHB-Verabschiedung.mp3?_=13\" \/><a href=\"https:\/\/spomodo.de\/wp-content\/uploads\/2022\/03\/DHB-Verabschiedung.mp3\">https:\/\/spomodo.de\/wp-content\/uploads\/2022\/03\/DHB-Verabschiedung.mp3<\/a><\/audio>\nVerabschiedung<br \/><br \/><\/figcaption>\n<\/figure>\n<\/div>\n<\/div>\n<\/div>\n<\/div>\n<\/div>\n\n\n\n<div class=\"wp-block-buttons is-layout-flex wp-block-buttons-is-layout-flex\">\n<div class=\"wp-block-button\"><a class=\"wp-block-button__link wp-element-button\" href=\"https:\/\/spomodo.de\/\">Zur\u00fcck<\/a><\/div>\n<\/div>\n","protected":false},"excerpt":{"rendered":"<p>Unterschiedliche Genres, Stimmungen und Stimmfarben<\/p>\n","protected":false},"author":1,"featured_media":0,"parent":0,"menu_order":0,"comment_status":"closed","ping_status":"closed","template":"","meta":{"footnotes":""},"class_list":["post-98","page","type-page","status-publish","hentry"],"yoast_head":"<!-- This site is optimized with the Yoast SEO plugin v27.5 - https:\/\/yoast.com\/product\/yoast-seo-wordpress\/ -->\n<title>Reinh\u00f6ren - SPOMODO<\/title>\n<meta name=\"description\" content=\"Hier k\u00f6nnen Sie Beispiele aus verschiedenen Genres h\u00f6ren und sich einen eigenen Eindruck verschaffen.\" \/>\n<meta name=\"robots\" content=\"index, follow, max-snippet:-1, max-image-preview:large, max-video-preview:-1\" \/>\n<link rel=\"canonical\" href=\"https:\/\/spomodo.de\/?page_id=98\" \/>\n<meta property=\"og:locale\" content=\"de_DE\" \/>\n<meta property=\"og:type\" content=\"article\" \/>\n<meta property=\"og:title\" content=\"Reinh\u00f6ren - SPOMODO\" \/>\n<meta property=\"og:description\" content=\"Hier k\u00f6nnen Sie Beispiele aus verschiedenen Genres h\u00f6ren und sich einen eigenen Eindruck verschaffen.\" \/>\n<meta property=\"og:url\" content=\"https:\/\/spomodo.de\/?page_id=98\" \/>\n<meta property=\"og:site_name\" content=\"SPOMODO\" \/>\n<meta property=\"article:modified_time\" content=\"2024-06-18T07:52:01+00:00\" \/>\n<meta property=\"og:image\" content=\"https:\/\/spomodo.de\/wp-content\/uploads\/2024\/06\/6cf53714-bef9-468c-8ffc-908f77574214-768x1024.jpg\" \/>\n<meta name=\"twitter:card\" content=\"summary_large_image\" \/>\n<meta name=\"twitter:label1\" content=\"Gesch\u00e4tzte Lesezeit\" \/>\n\t<meta name=\"twitter:data1\" content=\"2\u00a0Minuten\" \/>\n<script type=\"application\/ld+json\" class=\"yoast-schema-graph\">{\"@context\":\"https:\\\/\\\/schema.org\",\"@graph\":[{\"@type\":\"WebPage\",\"@id\":\"https:\\\/\\\/spomodo.de\\\/?page_id=98\",\"url\":\"https:\\\/\\\/spomodo.de\\\/?page_id=98\",\"name\":\"Reinh\u00f6ren - SPOMODO\",\"isPartOf\":{\"@id\":\"https:\\\/\\\/spomodo.de\\\/#website\"},\"primaryImageOfPage\":{\"@id\":\"https:\\\/\\\/spomodo.de\\\/?page_id=98#primaryimage\"},\"image\":{\"@id\":\"https:\\\/\\\/spomodo.de\\\/?page_id=98#primaryimage\"},\"thumbnailUrl\":\"https:\\\/\\\/spomodo.de\\\/wp-content\\\/uploads\\\/2024\\\/06\\\/6cf53714-bef9-468c-8ffc-908f77574214-768x1024.jpg\",\"datePublished\":\"2022-03-07T18:03:04+00:00\",\"dateModified\":\"2024-06-18T07:52:01+00:00\",\"description\":\"Hier k\u00f6nnen Sie Beispiele aus verschiedenen Genres h\u00f6ren und sich einen eigenen Eindruck verschaffen.\",\"breadcrumb\":{\"@id\":\"https:\\\/\\\/spomodo.de\\\/?page_id=98#breadcrumb\"},\"inLanguage\":\"de\",\"potentialAction\":[{\"@type\":\"ReadAction\",\"target\":[\"https:\\\/\\\/spomodo.de\\\/?page_id=98\"]}]},{\"@type\":\"ImageObject\",\"inLanguage\":\"de\",\"@id\":\"https:\\\/\\\/spomodo.de\\\/?page_id=98#primaryimage\",\"url\":\"https:\\\/\\\/spomodo.de\\\/wp-content\\\/uploads\\\/2024\\\/06\\\/6cf53714-bef9-468c-8ffc-908f77574214.jpg\",\"contentUrl\":\"https:\\\/\\\/spomodo.de\\\/wp-content\\\/uploads\\\/2024\\\/06\\\/6cf53714-bef9-468c-8ffc-908f77574214.jpg\",\"width\":1352,\"height\":1803},{\"@type\":\"BreadcrumbList\",\"@id\":\"https:\\\/\\\/spomodo.de\\\/?page_id=98#breadcrumb\",\"itemListElement\":[{\"@type\":\"ListItem\",\"position\":1,\"name\":\"Startseite\",\"item\":\"https:\\\/\\\/spomodo.de\\\/\"},{\"@type\":\"ListItem\",\"position\":2,\"name\":\"Reinh\u00f6ren\"}]},{\"@type\":\"WebSite\",\"@id\":\"https:\\\/\\\/spomodo.de\\\/#website\",\"url\":\"https:\\\/\\\/spomodo.de\\\/\",\"name\":\"SPOMODO\",\"description\":\"Sprecher - Moderator - Produktionen\",\"publisher\":{\"@id\":\"https:\\\/\\\/spomodo.de\\\/#organization\"},\"potentialAction\":[{\"@type\":\"SearchAction\",\"target\":{\"@type\":\"EntryPoint\",\"urlTemplate\":\"https:\\\/\\\/spomodo.de\\\/?s={search_term_string}\"},\"query-input\":{\"@type\":\"PropertyValueSpecification\",\"valueRequired\":true,\"valueName\":\"search_term_string\"}}],\"inLanguage\":\"de\"},{\"@type\":\"Organization\",\"@id\":\"https:\\\/\\\/spomodo.de\\\/#organization\",\"name\":\"spomodo.de\",\"url\":\"https:\\\/\\\/spomodo.de\\\/\",\"logo\":{\"@type\":\"ImageObject\",\"inLanguage\":\"de\",\"@id\":\"https:\\\/\\\/spomodo.de\\\/#\\\/schema\\\/logo\\\/image\\\/\",\"url\":\"https:\\\/\\\/spomodo.de\\\/wp-content\\\/uploads\\\/2022\\\/03\\\/Logoweblaengs.jpg\",\"contentUrl\":\"https:\\\/\\\/spomodo.de\\\/wp-content\\\/uploads\\\/2022\\\/03\\\/Logoweblaengs.jpg\",\"width\":264,\"height\":359,\"caption\":\"spomodo.de\"},\"image\":{\"@id\":\"https:\\\/\\\/spomodo.de\\\/#\\\/schema\\\/logo\\\/image\\\/\"}}]}<\/script>\n<!-- \/ Yoast SEO plugin. -->","yoast_head_json":{"title":"Reinh\u00f6ren - SPOMODO","description":"Hier k\u00f6nnen Sie Beispiele aus verschiedenen Genres h\u00f6ren und sich einen eigenen Eindruck verschaffen.","robots":{"index":"index","follow":"follow","max-snippet":"max-snippet:-1","max-image-preview":"max-image-preview:large","max-video-preview":"max-video-preview:-1"},"canonical":"https:\/\/spomodo.de\/?page_id=98","og_locale":"de_DE","og_type":"article","og_title":"Reinh\u00f6ren - SPOMODO","og_description":"Hier k\u00f6nnen Sie Beispiele aus verschiedenen Genres h\u00f6ren und sich einen eigenen Eindruck verschaffen.","og_url":"https:\/\/spomodo.de\/?page_id=98","og_site_name":"SPOMODO","article_modified_time":"2024-06-18T07:52:01+00:00","og_image":[{"url":"https:\/\/spomodo.de\/wp-content\/uploads\/2024\/06\/6cf53714-bef9-468c-8ffc-908f77574214-768x1024.jpg","type":"","width":"","height":""}],"twitter_card":"summary_large_image","twitter_misc":{"Gesch\u00e4tzte Lesezeit":"2\u00a0Minuten"},"schema":{"@context":"https:\/\/schema.org","@graph":[{"@type":"WebPage","@id":"https:\/\/spomodo.de\/?page_id=98","url":"https:\/\/spomodo.de\/?page_id=98","name":"Reinh\u00f6ren - SPOMODO","isPartOf":{"@id":"https:\/\/spomodo.de\/#website"},"primaryImageOfPage":{"@id":"https:\/\/spomodo.de\/?page_id=98#primaryimage"},"image":{"@id":"https:\/\/spomodo.de\/?page_id=98#primaryimage"},"thumbnailUrl":"https:\/\/spomodo.de\/wp-content\/uploads\/2024\/06\/6cf53714-bef9-468c-8ffc-908f77574214-768x1024.jpg","datePublished":"2022-03-07T18:03:04+00:00","dateModified":"2024-06-18T07:52:01+00:00","description":"Hier k\u00f6nnen Sie Beispiele aus verschiedenen Genres h\u00f6ren und sich einen eigenen Eindruck verschaffen.","breadcrumb":{"@id":"https:\/\/spomodo.de\/?page_id=98#breadcrumb"},"inLanguage":"de","potentialAction":[{"@type":"ReadAction","target":["https:\/\/spomodo.de\/?page_id=98"]}]},{"@type":"ImageObject","inLanguage":"de","@id":"https:\/\/spomodo.de\/?page_id=98#primaryimage","url":"https:\/\/spomodo.de\/wp-content\/uploads\/2024\/06\/6cf53714-bef9-468c-8ffc-908f77574214.jpg","contentUrl":"https:\/\/spomodo.de\/wp-content\/uploads\/2024\/06\/6cf53714-bef9-468c-8ffc-908f77574214.jpg","width":1352,"height":1803},{"@type":"BreadcrumbList","@id":"https:\/\/spomodo.de\/?page_id=98#breadcrumb","itemListElement":[{"@type":"ListItem","position":1,"name":"Startseite","item":"https:\/\/spomodo.de\/"},{"@type":"ListItem","position":2,"name":"Reinh\u00f6ren"}]},{"@type":"WebSite","@id":"https:\/\/spomodo.de\/#website","url":"https:\/\/spomodo.de\/","name":"SPOMODO","description":"Sprecher - Moderator - Produktionen","publisher":{"@id":"https:\/\/spomodo.de\/#organization"},"potentialAction":[{"@type":"SearchAction","target":{"@type":"EntryPoint","urlTemplate":"https:\/\/spomodo.de\/?s={search_term_string}"},"query-input":{"@type":"PropertyValueSpecification","valueRequired":true,"valueName":"search_term_string"}}],"inLanguage":"de"},{"@type":"Organization","@id":"https:\/\/spomodo.de\/#organization","name":"spomodo.de","url":"https:\/\/spomodo.de\/","logo":{"@type":"ImageObject","inLanguage":"de","@id":"https:\/\/spomodo.de\/#\/schema\/logo\/image\/","url":"https:\/\/spomodo.de\/wp-content\/uploads\/2022\/03\/Logoweblaengs.jpg","contentUrl":"https:\/\/spomodo.de\/wp-content\/uploads\/2022\/03\/Logoweblaengs.jpg","width":264,"height":359,"caption":"spomodo.de"},"image":{"@id":"https:\/\/spomodo.de\/#\/schema\/logo\/image\/"}}]}},"jetpack_sharing_enabled":true,"_links":{"self":[{"href":"https:\/\/spomodo.de\/index.php?rest_route=\/wp\/v2\/pages\/98","targetHints":{"allow":["GET"]}}],"collection":[{"href":"https:\/\/spomodo.de\/index.php?rest_route=\/wp\/v2\/pages"}],"about":[{"href":"https:\/\/spomodo.de\/index.php?rest_route=\/wp\/v2\/types\/page"}],"author":[{"embeddable":true,"href":"https:\/\/spomodo.de\/index.php?rest_route=\/wp\/v2\/users\/1"}],"replies":[{"embeddable":true,"href":"https:\/\/spomodo.de\/index.php?rest_route=%2Fwp%2Fv2%2Fcomments&post=98"}],"version-history":[{"count":33,"href":"https:\/\/spomodo.de\/index.php?rest_route=\/wp\/v2\/pages\/98\/revisions"}],"predecessor-version":[{"id":422,"href":"https:\/\/spomodo.de\/index.php?rest_route=\/wp\/v2\/pages\/98\/revisions\/422"}],"wp:attachment":[{"href":"https:\/\/spomodo.de\/index.php?rest_route=%2Fwp%2Fv2%2Fmedia&parent=98"}],"curies":[{"name":"wp","href":"https:\/\/api.w.org\/{rel}","templated":true}]}}